-1278))?
2, 71
Let w = -3 + 1. Let m be (-11)/w - (-3)/(-6). What are the prime factors of 6/(-15) - (-12)/m?
2
Suppose 2*o - 2*k - 30 = 100, 0 = 4*o + 2*k - 272. List the prime factors of o.
67
Let m = -116 + 238. List the prime factors of m.
2, 61
Suppose 5*x + 49 = -501. Let c = -66 - x. List the prime factors of c.
2, 11
Let f(t) = t + 4. Let i be f(-3). Let h = i - -8. What are the prime factors of h?
3
Let b(v) = -v**3 + 10*v**2 + 15*v + 1. Let g be b(11). Suppose 5*y = 2*y + g. List the prime factors of y.
3, 5
Let d be 2*3/(-6) + -1. List the prime factors of ((300/2)/(-3))/d.
5
Let u be 2 + 44 + -2 + 5. Suppose -5*m - 9 = -u. Suppose -a - 2 + m = 0. What are the prime factors of a?
2, 3
Let v = -64 - -147. List the prime factors of v.
83
Suppose 335 + 161 = 16*x. What are the prime factors of x?
31
Suppose -n + w + 77 = 0, 4*n - 19 - 313 = -2*w. What are the prime factors of n?
3
Suppose 3*p = -30 + 414. What are the prime factors of p?
2
Let i be (-36)/10*(8 - 13). Suppose -i = -v - 2*v. What are the prime factors of (2 + (3 - v))*-17?
17
Suppose 5*h - 14 = -2*g + h, -2*g = h + 1. Let l be 5 + 1 + g + 2. Suppose -l*t = -t - 56. What are the prime factors of t?
2, 7
Let k be 4/(-16) - 55/4. Let v = 23 + k. List the prime factors of v.
3
List the prime factors of (-5)/(5/(-49)) - -2.
3, 17
Let z(y) = -y**3 - 5*y**2 + 6*y - 8. Let s be z(-6). Suppose -9 + 49 = 2*j. Let v = s + j. What are the prime factors of v?
2, 3
Let s = -63 + 97. What are the prime factors of s?
2, 17
Suppose -w - l + 106 = 0, 5*l + 8 = 33. What are the prime factors of w?
101
Suppose 3*z - 70 = -x, -3*z + x + 3*x = -65. Suppose -2*i = -i - 3, -4*j - i + z = 0. Suppose -33 = 2*w - j*w. What are the prime factors of w?
11
Let t(x) = -4*x + 5. Let i be t(-8). Let d = -25 + i. List the prime factors of d.
2, 3
Let o(w) be the third derivative of -w**6/120 - 3*w**5/20 + w**3/2 + 6*w**2. Suppose 0 = -5*x + 3*u - 27 - 21, 2*x + 22 = 4*u. List the prime factors of o(x).
3
Suppose -3*g - 4*r + 86 = -39, -2*g = -5*r - 91. What are the prime factors of g?
43
Let y(p) = p**3 - 2*p**2 + 4*p - 2. Let v be y(2). Let f be v/(0 - (-9)/6). Suppose -f*r - 4*w + 0*w + 64 = 0, -2*w = 4*r - 56. List the prime factors of r.
2, 3
Let f(m) be the second derivative of -m + m**2 - 1/6*m**3 + 0 + 1/12*m**4. List the prime factors of f(-2).
2
Let i = 13 + -8. Suppose i*h = 3*h + s + 34, -14 = -h - s. List the prime factors of h.
2
Suppose -2*c + 3*c - 14 = 3*g, -2*c - 2*g = -52. Suppose -9 = -d + c. What are the prime factors of d?
2
Suppose -19*r + 1020 = -9*r. List the prime factors of r.
2, 3, 17
Let m(d) = -14*d - 1. What are the prime factors of m(-8)?
3, 37
Let q be (-11)/2*-2 + -3. Suppose y = 39 - q. List the prime factors of y.
31
Let b(t) = -6*t + 12. Let k(a) = -a + 1. Let j(r) = b(r) - 5*k(r). Suppose -f = 1 - 6. List the prime factors of j(f).
2
Suppose -2*r + 5*r + 2*f = 94, 4*r = 2*f + 130. What are the prime factors of r?
2
Suppose -12 = -3*y - y. Let a(i) be the second derivative of i**4/12 + i**2/2 - i. What are the prime factors of a(y)?
2, 5
Suppose -5*p - 4*t = -589, -3*p - 3*t + 302 + 52 = 0. What are the prime factors of p?
3, 13
Let t(k) = -k**3 - 4*k**2 - 3*k + 1. Let y be t(-3). List the prime factors of (-5)/(-1 + y + -1).
5
Let f(x) = x**2 - 2*x - 2. Let w be ((-1)/(-3))/(5/60). List the prime factors of f(w).
2, 3
Let q(n) = -8*n**2 - n - 1. Let t be q(-1). Let d(x) be the first derivative of -x**2/2 + 6*x - 1. What are the prime factors of d(t)?
2, 7
Let i(a) be the third derivative of a**5/30 - a**4/24 + a**3/3 - a**2. What are the prime factors of i(2)?
2
Let p(k) be the first derivative of k**4/12 + k**3 + 3*k**2/2 - 2*k + 3. Let z(i) be the first derivative of p(i). List the prime factors of z(-6).
3
Let k = -2 + 6. Suppose -l = k - 12. What are the prime factors of l?
2
Let n(p) = p**2 + 7*p + 8. Let i be n(-7). Let h(b) = b**3 - 7*b**2 - 6*b + 8. What are the prime factors of h(i)?
2, 3
Suppose -i + 5*i - 140 = 0. What are the prime factors of i?
5, 7
Let v = 1 + 1. List the prime factors of v.
2
Suppose -4*a + y + 175 = 4*y, 3*a = -5*y + 134. List the prime factors of a.
43
Suppose -b = -2*g + 2*b + 190, -5*g + 4*b + 461 = 0. What are the prime factors of g?
89
List the prime factors of 1/3 + (-855)/(-27).
2
Let o(q) = -8*q + 2. Let t be o(-2). Suppose -3*r + t + 24 = 0. List the prime factors of r.
2, 7
Let v be -6*12/(-9) - 3. Suppose -v*d + 7*d = 42. What are the prime factors of d?
3, 7
Let q = 4 + 15. List the prime factors of q.
19
Let s(p) be the third derivative of -p**7/5040 + p**6/80 - p**5/30 - p**2. Let n(t) be the third derivative of s(t). List the prime factors of n(7).
2
Suppose -3*l - 51 = -2*o, 5*l = o + o - 49. Suppose 5*a = 6*a - o. What are the prime factors of a?
3
Suppose 15*v - 37 = 1163. What are the prime factors of v?
2, 5
Suppose -13*v - 4*v + 4794 = 0. What are the prime factors of v?
2, 3, 47
Suppose -4*s - 4*z + 2 = s, -2*s - 2*z = 0. List the prime factors of 5/(-2)*s/(-1).
5
Let u be 5/(20/132) - 3. Let y = -23 + u. List the prime factors of y.
7
What are the prime factors of 1356/24 + 2/(-4)?
2, 7
Let w = -15 + 11. Let r = 2 - w. Let o = -3 + r. What are the prime factors of o?
3
Let y(g) = -5*g**3 + 2*g**2 + g. Let u be y(-1). Suppose 4*k = u*k + 8. Let r = k + 12. List the prime factors of r.
2
Suppose -k = 4*n - 20, -2*k = 4*n - 27 + 7. What are the prime factors of 3 + 2 + n + -2?
2
Let n = 25 + 1. What are the prime factors of n?
2, 13
Suppose -2*w + 3*w = 49. List the prime factors of w.
7
Let d(a) = -66*a**3 + a - 1. Let u be d(-2). Suppose -2*i = 2*i - 2*n - 1058, -3*n = 2*i - u. List the prime factors of 2/9 - i/(-27).
2, 5
Let y = 91 + -9. List the prime factors of y.
2, 41
Suppose 3*b + 64 = 5*b. Suppose 5*s + 7 = b. What are the prime factors of s?
5
What are the prime factors of (19/(-2))/(3/(-12))?
2, 19
Let t(z) = -5*z - 3 + 4 - 5. Suppose 2*h - 4*h - 21 = 5*k, -4*h = 12. List the prime factors of t(k).
11
Let v(n) = -n**2 + 23*n - 21. List the prime factors of v(10).
109
Suppose -4*h = -6*h + 42. Let n be h/6 + 1/2. List the prime factors of (n/14)/((-2)/(-14)).
2
Let s(y) = 2*y - 8. Let q be s(7). Let f be (1 - 16/q)*-3. Suppose -f*d + 20 = -d. What are the prime factors of d?
5
List the prime factors of (-2 - -3)/((-4)/(-244)).
61
Let t(d) = d**3 - 7*d**2 + 5*d + 6. Let u = 12 - 6. Let z be t(u). Suppose -q - 1 + 10 = z. List the prime factors of q.
3
Let a = 17 + -9. What are the prime factors of a?
2
List the prime factors of 3*((-1)/2 + (-253)/(-66)).
2, 5
Let b(i) be the first derivative of i**2/2 + 12*i + 3. Let w be b(-6). Let d = w + -4. List the prime factors of d.
2
Let m be (36/(-3))/3 - -21. Let a = 19 - m. List the prime factors of a.
2
Suppose 3*x = 7*x - 5*m - 112, 5*x = 3*m + 140. Let a be ((-86)/6)/(1/(-3)). Let f = a - x. List the prime factors of f.
3, 5
Suppose -5*q - 15 = 0, -3*y = 2*y - q - 583. What are the prime factors of y?
2, 29
Suppose -3*m + 2*k - 540 = -5*m, -541 = -2*m - 3*k. Let a be m/5 + (-1)/(-5). List the prime factors of (a/(-12))/(1/(-2)).
3
Suppose 0 = 3*a - a + 10. Suppose 24 = -0*q + 2*q. Let n = a + q. List the prime factors of n.
7
Let z(g) = -g**3 + 8*g**2 - 3*g - 2. Let u be z(5). Suppose -4*o + u = 3*y, 3*o = -4*y - o + 76. What are the prime factors of y?
2, 3
Suppose -3*y + 303 = -4*h, 202 = 2*y - 0*h + 3*h. List the prime factors of y.
101
Let w(j) = 6*j**2 + 5*j - 13. List the prime factors of w(4).
103
Let r = 9 - 14. Let h = r + 4. Let z(c) = -9*c**3 + 2*c + 1. List the prime factors of z(h).
2
Let o(k) = 5*k**3 + 2*k**2 - k. Let w be o(1). Suppose 18 = 4*q - w. Suppose 3*r - 9 = q. What are the prime factors of r?
5
Suppose -3*w = 5*v - 2*v + 4824, -3216 = 2*v + 5*w. List the prime factors of v/(-42) + 2/(-7).
2, 19
Suppose -15 - 5 = -4*b. Suppose -9 = -b*f + 16. Suppose -f*j - 5 = -20. List the prime factors of j.
3
Suppose -4*x - 4 = -5*x + 4*n, n - 26 = -2*x. Let f be (-1)/(3/(0 + 21)). Let w = x + f. What are the prime factors of w?
5
Suppose -r + 10 = 4*r. Let c be 2/(-3) - r/(-3). Suppose 0 = -c*a + 2*a - 5*o + 11, 2*a = o + 9. List the prime factors of a.
7
Let a = 68 - 48. What are the prime factors of a?
2, 5
Let h = 50 - 24. Let i = -5 + h.